ommon divisor of 223142915 and 5.
5
What is the greatest common divisor of 1772915 and 4205?
145
What is the greatest common factor of 5685030 and 249873?
1677
Calculate the greatest common factor of 17 and 18819935.
17
Calculate the highest common divisor of 601601 and 3388.
77
What is the highest common factor of 163107171 and 1341?
1341
What is the highest common divisor of 4 and 47554862?
2
What is the greatest common divisor of 870733 and 17111?
241
Calculate the highest common divisor of 15600 and 29840.
80
What is the highest common divisor of 1380 and 446991660?
1380
What is the greatest common factor of 19126955 and 170?
85
Calculate the greatest common factor of 770035 and 176645.
1715
What is the greatest common factor of 93 and 750835779?
93
What is the greatest common factor of 138600295 and 205?
205
What is the highest common divisor of 391 and 20055379?
23
What is the greatest common divisor of 199206 and 2699046?
3906
Calculate the highest common factor of 9173 and 31817.
1
What is the greatest common divisor of 286224 and 12193464?
1608
What is the highest common factor of 736497173 and 4153?
4153
What is the highest common divisor of 47637 and 2747?
67
Calculate the highest common divisor of 117098521 and 641.
641
What is the greatest common divisor of 1011 and 20324470?
337
What is the greatest common divisor of 14124 and 637292?
428
Calculate the greatest common factor of 465369 and 27161783.
2543
Calculate the greatest common divisor of 404931648 and 23408.
3344
What is the highest common divisor of 5495 and 464720?
785
What is the greatest common divisor of 112768398 and 27?
9
What is the greatest common divisor of 200 and 176075000?
200
What is the greatest common factor of 14911 and 112332?
37
What is the highest common factor of 13357564 and 88?
44
Calculate the greatest common factor of 4589968 and 2608.
16
Calculate the highest common divisor of 2064087 and 189.
9
Calculate the highest common factor of 2820 and 234075980.
940
What is the greatest common divisor of 31561 and 468827?
37
Calculate the greatest common factor of 5452447 and 200200.
1001
What is the highest common factor of 9072 and 738096?
48
Calculate the highest common divisor of 180 and 686260.
20
Calculate the greatest common divisor of 29707 and 125233.
61
What is the greatest common factor of 2187768 and 168?
24
Calculate the highest common factor of 4844139 and 3576.
447
Calculate the greatest common divisor of 10129 and 4516087.
1447
What is the highest common divisor of 1961 and 251262930?
1961
Calculate the greatest common divisor of 4 and 154226.
2
Calculate the highest common divisor of 2394990 and 405.
45
What is the highest common factor of 416158842 and 13266?
4422
Calculate the greatest common factor of 149293486 and 614.
614
What is the greatest common factor of 57414336 and 8?
8
What is the greatest common factor of 222 and 796434?
6
What is the highest common factor of 74730882 and 6?
6
Calculate the highest common factor of 6 and 75188343.
3
Calculate the highest common factor of 729584 and 972.
4
What is the highest common factor of 3312 and 9511650?
414
Calculate the greatest common factor of 21399338 and 77786.
4094
What is the greatest common divisor of 504767103 and 237?
237
What is the highest common divisor of 14737 and 24?
1
Calculate the greatest common divisor of 345856 and 320992.
224
Calculate the greatest common divisor of 477008 and 12656.
112
Calculate the greatest common factor of 4000 and 954640.
80
Calculate the greatest common divisor of 21853 and 77039.
41
What is the highest common factor of 81470 and 19590?
10
Calculate the greatest common factor of 6180 and 375860.
20
Calculate the greatest common divisor of 304 and 206834.
38
Calculate the highest common divisor of 6840315 and 278829.
621
Calculate the highest common factor of 1654514100 and 150.
150
What is the highest common divisor of 1711 and 92771?
29
What is the highest common divisor of 2248 and 33074543?
281
Calculate the highest common factor of 9166524 and 724692.
5532
Calculate the greatest common divisor of 1 and 35417699.
1
Calculate the greatest common factor of 51870 and 37414230.
3990
What is the highest common divisor of 1921 and 1375549?
113
What is the greatest common divisor of 7213479 and 8489?
13
Calculate the highest common factor of 16 and 67838768.
16
What is the highest common factor of 1908748 and 1668?
556
What is the highest common factor of 552 and 202576548?
276
What is the highest common factor of 4323583 and 861593?
2603
What is the highest common divisor of 203930876 and 12124?
1732
What is the highest common divisor of 29653 and 12116?
13
What is the highest common divisor of 143165 and 265715?
95
What is the highest common divisor of 14136 and 586272?
744
Calculate the greatest common factor of 3304753 and 232.
29
Calculate the highest common factor of 835 and 22585.
5
What is the highest common factor of 183775210 and 3560?
890
Calculate the greatest common divisor of 56805756 and 228.
12
What is the greatest common factor of 1789529 and 127204?
2891
What is the highest common divisor of 9410284 and 125424?
3484
What is the greatest common factor of 13 and 102874733?
13
What is the greatest common factor of 231 and 5378457?
21
What is the greatest common divisor of 1158 and 31995926?
386
Calculate the highest common divisor of 9922 and 67322.
82
What is the greatest common divisor of 94135 and 52595?
335
What is the greatest common divisor of 42130 and 30580?
110
What is the highest common divisor of 72 and 11892456?
72
Calculate the greatest common factor of 279208 and 23800.
136
What is the highest common divisor of 39673640 and 423?
47
Calculate the greatest common factor of 870349 and 340.
17
What is the highest common factor of 1975 and 5691871?
79
What is the greatest common factor of 10608 and 125954088?
5304
What is the greatest common factor of 330217295 and 265?
265
What is the highest common factor of 106310 and 1370?
10
What is the greatest common divisor of 693 and 328869387?
693
Calculate the greatest common divisor of 134786 and 4813279.
3547
Calculate the highest common divisor of 239976 and 1179.
9
Calculate the greatest common factor of 14319 and 172272.
111
Calculate the greatest common factor of 240288175 and 925.
925
Calculate the greatest common divisor of 123244 and 3179.
11
What is the highest common divisor of 4007459 and 41?
1
Calculate the greatest common factor of 67960 and 65764892.
6796
Calculate the highest common factor of 8436403 and 136.
17
Calculate the greatest common divisor of 93248 and 136.
8
Calculate the highest common divisor of 902500 and 12500.
2500
What is the highest common divisor of 3040 and 9942016?
608
What is the highest common factor of 468 and 18291858?
78
What is the highest common divisor of 423 and 1003752?
9
Calculate the greatest common factor of 38469687 and 1.
1
What is the greatest common factor of 274995 and 364?
7
Calculate the greatest common divisor of 396256 and 121220.
116
What is the highest common divisor of 28017234 and 280296?
4122
Calculate the greatest common divisor of 64 and 16026016.
32
What is the highest common divisor of 5666 and 47489579?
2833
What is the highest common factor of 11662 and 475153?
49
Calculate the highest common divisor of 3828 and 84386984.
1276
Calculate the greatest common divisor of 48790 and 101910830.
2870
Calculate the greatest common divisor of 3744 and 46434720.
96
What is the greatest common divisor of 419737 and 30907?
997
What is the highest common factor of 16 and 2561553328?
16
Calculate the greatest common factor of 55554960 and 660.
60
Calculate the highest common divisor of 43962 and 28254.
102
What is the greatest common divisor of 16969 and 66811?
71
What is the greatest common divisor of 5652060 and 540?
60
What is the greatest common factor of 9574578 and 4784?
598
Calculate the greatest common divisor of 6810079 and 12319.
97
Calculate the highest common divisor of 53471561 and 22.
11
Calculate the greatest common factor of 869273042 and 814.
814
Calculate the highest common factor of 21493835 and 363.
121
Calculate the highest common factor of 45225 and 73231.
67
Calculate the highest common divisor of 